e
Suppose 6*z - 1380 = -6*z. Suppose 5*c + 3 = 4*r - 493, -z = -r - c. Is r a prime number?
False
Suppose 0 = -4*p - 5*g + 139192, -4*p - 104375 = -7*p + g. Is p a prime number?
False
Let s = 9918 + -15100. Is -2*3/12*s composite?
False
Let t(o) be the second derivative of -4*o - 5/2*o**2 + 0 - 1/2*o**3. Is t(-9) composite?
True
Let w(v) = v**3 - 4*v**2 - 18*v + 3. Suppose -22*i + 20*i + 28 = 0. Is w(i) a prime number?
False
Suppose 0 = 2*q + o - 17001, 5*o - 3047 = q - 11553. Is q a composite number?
False
Is -14942*5/(-10) - (3 - 3) prime?
False
Suppose -4*d - 1 = 4*p - 81, 35 = 2*p - 3*d. Let g(m) = 3*m**2 - 30*m - 34. Is g(p) a composite number?
False
Suppose 0*z + 2*z - 220 = 2*j, -4*j + 472 = 4*z. Let c = 241 - z. Is c prime?
True
Let s = -12 + 17. Let r = 13 - s. Is 2 - -169 - (-6 + r) composite?
True
Let c be 9*(2 + (-921)/(-9)). Let v = 1756 - c. Is v prime?
False
Suppose -2*s + 1768 = 2*l - 17214, -s - 2 = 0. Is l prime?
False
Is (-169380)/(-42) + (-2)/(-7*2) composite?
True
Suppose -24*h + 4290303 = 35*h. Is h a composite number?
True
Let l = -93 + 396. Let q(s) = -740*s**3 - s**2 + s + 1. Let r be q(-1). Suppose -l - r = -2*t. Is t composite?
False
Let x(w) = 5*w**2 - 5*w + 14. Let r be x(8). Let l = r + 379. Is l composite?
False
Suppose -2*k - 12 = -22. Suppose -3*n = -5*t + 59, 5*t + n = k*n + 57. Let q = t + 9. Is q prime?
False
Let k(z) = 69*z**2 - 55*z + 19. Is k(-18) a composite number?
True
Let s(j) = -j**3 + 12*j**2 - 11*j - 5. Let g be s(11). Let n = g - -18. Let t = 98 + n. Is t a prime number?
False
Let t = -354 - -604. Is (-1)/(-4)*4 + t a prime number?
True
Is ((-4)/(-4))/((-2010)/(-2007) + -1) a prime number?
False
Let y(f) be the first derivative of -11*f**6/120 + f**5/60 + f**4/24 + 2*f**3/3 + f**2 + 5. Let x(h) be the second derivative of y(h). Is x(-3) composite?
False
Let n be (152/(-20))/(1/(-5)). Let m = n + -23. Is m a composite number?
True
Suppose 0 = -64*o + 68*o - 129892. Is o composite?
True
Let u(f) = 5*f**2 - 2*f - 1. Let o be (2/6)/(5/15). Suppose 0 = -2*z - o + 5. Is u(z) prime?
False
Suppose 15 = 5*m - 0, 2*m + 15435 = 3*h. Is h composite?
False
Let p(d) = -76*d**3 + d**2 + 2*d + 2. Let w(u) = u**3 + u**2 - u + 1. Let o = -7 - -5. Let m be w(o). Is p(m) a composite number?
True
Let x be (-11249)/(-3) + 28/21. Suppose p - 1052 - 189 = 4*t, 5*t + x = 3*p. Is p a prime number?
False
Suppose -20 = -2*u - 2*w, -2*u - 15 + 47 = 5*w. Is (u/(60/(-8675)))/(2/(-4)) a prime number?
False
Suppose -u - 4*r - 14 = -6, 5*u = -r - 21. Is 328 + (2 - u)/(-3) a composite number?
True
Let s(p) = -3*p**2 + 5*p - 2. Let o be s(3). Let y = o - -10. Is (-5004)/y + 1 + 1 a prime number?
False
Suppose 7*a = 2*a + 690. Let k = -47 + a. Let l = 174 - k. Is l a prime number?
True
Let p = 175153 + -101910. Is p a composite number?
False
Suppose -3*b - 3*z = -147, -b + 5*z + 52 = 3*z. Suppose 0*i - 61 = -i. Let r = b + i. Is r composite?
True
Let l(g) be the third derivative of 13*g**5/10 + g**4/4 - g**3 + 7*g**2. Let t be l(3). Is t/10 - (-8)/(-20) a composite number?
False
Let i(t) = 646*t + 53. Is i(8) a prime number?
False
Suppose 3*b + q - 8 = -0*q, 6 = -2*b + 5*q. Suppose -d + 2*w - 50 = 3*w, b*w + 198 = -4*d. Let p = d - -86. Is p composite?
False
Let b be -2 - (12/(-3))/((-4)/(-8)). Suppose 11 + 1 = m. Let v = m - b. Is v composite?
True
Let t(i) = 318*i - 917. Is t(53) a composite number?
False
Let b(k) be the second derivative of -k**5/20 + 11*k**4/12 + 2*k**3/3 - 7*k**2/2 - k. Suppose -4 = -4*a - 4*j - 0*j, -2*a = -4*j - 26. Is b(a) composite?
False
Suppose -s = -105 + 627. Let r = 337 + s. Let y = -54 - r. Is y composite?
False
Suppose -d + 1 = 0, -5*s - d = -4*d - 26992. Is s prime?
True
Let b(o) = -11*o**3 - 13*o**2 + 7*o + 986. Let f(r) = -5*r**3 - 6*r**2 + 3*r + 493. Let u(a) = -4*b(a) + 9*f(a). Is u(0) composite?
True
Let k be 1/(-6)*274*-51. Let j = k - 1299. Suppose -j = -4*m - o - o, -2*o - 6 = 0. Is m composite?
True
Suppose -n + 61 = 18. Suppose -1 - n = -3*q - 2*c, 0 = -5*q + 2*c + 84. Suppose -h = 4*g - 0*h - 192, -q = 4*h. Is g a prime number?
False
Let x(w) be the first derivative of 11*w**3 - 1 - 3/2*w**2 + w. Is x(2) a composite number?
False
Suppose -3*t - 3*h = -8*h - 31, -2*t - 5*h + 4 = 0. Is (1 - (-4691)/t) + (-17)/119 composite?
True
Is -2*(-7 + (-35307)/6) prime?
True
Suppose 15343 = 4*c - 3109. Is c a prime number?
False
Let t be 1/((-2)/(-16)*2). Let d = t - -1. Suppose 0 = -b + d, 0 = 4*g - 4*b + b - 2333. Is g prime?
True
Suppose 3*v + 2*g = -0*v - 8, 12 = -4*v - 3*g. Suppose -m + a + 14 = v, 4*m + 16 = -a + 57. Is m prime?
True
Is 41/328 + (-545733)/(-24) composite?
False
Let j = 719405 + -428226. Is j composite?
True
Suppose 3*a + 56 = 4*o, -3*o - 5 = 2*o. Is (-2)/4 - 7250/a a prime number?
False
Let b = 7285 + -4964. Is b prime?
False
Let t = 2094 + 1227. Suppose 3*g + 414 - t = -3*c, c = -4. Is g prime?
False
Let g(k) = 6*k**2 - 13*k - 12. Suppose -4*t = -f - f + 34, 4*f + 5*t - 81 = 0. Is g(f) a composite number?
False
Let t(g) = -g - 11. Let x be t(-10). Is (-26)/65*(-365 - (1 + x)) a prime number?
False
Suppose 5*r - 2*f + 7 = 0, -4*r - 2 = r + 3*f. Let x be 3 + -6 - (-6 - r). Suppose 3*y - 3725 = -x*y. Is y prime?
False
Let u(k) = 2*k**3 - 4*k**2 - 2*k - 9. Suppose 7 = -m + 3*h, -h = -4*m - 2*h + 24. Is u(m) prime?
True
Let f be 24/10 - (-2)/(-5). Suppose -48627 + 1282 = -17*v. Is v/25 + f/(-5) a prime number?
False
Is (-6 - (-606546)/(-12))*(-2)/3 prime?
False
Let z(u) = u**3 + 2*u**2 + u - 3. Let j be z(0). Suppose -5*c - 3*o - 148 = 0, 0*c - 3*o - 32 = c. Is j - (-1 + c - -1) composite?
True
Is 186836/6 + (-35)/105 a prime number?
True
Is 4/(-24) + (-712231)/(-78) a prime number?
False
Let k = -21257 - -39610. Is k a prime number?
True
Is (-3 - 56)*(-3)/(6/794) composite?
True
Suppose w - 5*w - 5 = 5*a, 0 = 3*a + w - 4. Suppose 1532 = 3*b + 2*l, b - 2052 = -a*b - 5*l. Suppose -d + b = 3*x, 2*d - 2*x = 655 + 385. Is d prime?
False
Let i(g) = 2*g**3 + 8*g**2 - 12*g - 4. Let d be i(-8). Is ((-4)/2)/((-8)/d*-3) a composite number?
True
Let r = 1 + 1. Suppose -44 = -n - 4*q - r, n - 2*q = 48. Let s = 9 + n. Is s prime?
False
Suppose 0 = -3*x + 16*x - 10972. Suppose x = -11*a + 15*a. Is a composite?
False
Let w = 112 + -120. Is ((-132)/w)/(-11)*746/(-3) a composite number?
False
Let s = -27 - -22. Is (-1733)/s + 16/40 composite?
False
Suppose 0 = -4*p + 2*v - 2598, -3*p - 6*v + 2*v = 1943. Let u = p - -370. Let h = u - -746. Is h prime?
True
Suppose 0 - 3 = -3*d + 3*f, -5*d = 4*f - 23. Suppose d*q = -3*n + 8871, -4*n = -q + 6*q - 14785. Is q prime?
True
Suppose -8*g + 2*d + 25103 = -7*g, -4*g = 5*d - 100373. Is g composite?
False
Let c(r) = 10*r + 9. Let z(u) = 2 - 2 - 8*u. Let v be z(-1). Is c(v) a prime number?
True
Let s be 3/(-6) - ((-30930)/(-4))/(-3). Let z = s - -986. Is z a composite number?
True
Suppose 0 = 3*i - i + 680. Let f be (-2)/(-7) - i/35. Let a = 27 + f. Is a prime?
True
Is 69*((-379)/(-3) - (-14 + 16)) a prime number?
False
Is 5266*9/(-36)*4/(-2) a composite number?
False
Let k = -376 - -2709. Is k a prime number?
True
Let r(y) = -y**2 + 7*y + 1. Let b be r(5). Let f be (b/(-1))/(1/(-6)). Let c = f + -7. Is c a prime number?
True
Suppose -x - 2 = -5*a, 4*a + 3*x = -x - 8. Suppose -5*m + 490 = 4*l, a = m - l + 5*l - 114. Suppose 2*b - m = -32. Is b prime?
True
Suppose 0 = -6*b + b - 400. Let c = b - -222. Is c composite?
True
Suppose 2775 = 3*l - 306. Suppose 3*a - 2*k + 4*k - 2033 = 0, 4*k - 1342 = -2*a. Let u = l - a. Is u a prime number?
False
Let g = 38 + -36. Suppose -369 - 149 = -g*u. Is u a prime number?
False
Suppose -z = -5*m - 105741, -2*z = 2*m - 212587 + 1081. Is z a prime number?
True
Suppose 0 = -0*a - 2*a + 3134. Is a composite?
False
Let n be (-4)/(-26) + 148/(-52)*-1. Let q be 8/(-4) - (0 - 0). Is 1/(q*n/(-78)) prime?
True
Suppose -y - 2*j + 0*j - 5 = 0, 2*j + 10 = 0. Let a(h) = 2*h**3 - 6*h**2 - 4*h - 6. Is a(y) a prime number?
False
Suppose 5*d - 4*d - 5 = 0. Suppose 73 = d*i - 112. Is i prime?
True
Suppose 0*b = 4*i + 5*b, 4*b = 4*i - 36. Suppose 3*j = 3*g + 27, 31 - i = -2*g + 4*j. Is 161/3*(-2 - g) a prime number?
False
Suppose x + 3 = -i + 14, 3*x = -i + 9. Suppose 0 = -5*r - 4*m - 12 - i, 5*r = -2*m - 22. Is ((-9)/3 - r)*178 a prime number